et r(i) = 21*i**2 + 17*i + 4. Let m be r(12). Suppose 0 = 18*o - 2*o - m. What are the prime factors of o?
2, 101
Suppose 0 = 5*d - 11 - 4. Suppose -d*p + 5*y + 40 = 0, -3*p - 47 = -6*p - 2*y. Let z(j) = -j**2 + 16*j + 11. List the prime factors of z(p).
2, 13
Let u(s) = 2*s - 16. Let k be u(12). What are the prime factors of (-106)/(-2*4/k)?
2, 53
Let k(a) = a**3 - 3*a**2 - a - 1. Let q be k(5). Suppose 291 + q = 5*h. What are the prime factors of h?
67
Let c be -2 - -2 - 150/(-6). Let u = -18 + c. Suppose 3*v = u*v - 148. List the prime factors of v.
37
Suppose 4*k + 278 = 5*r, -7*k = 5*r - 2*k - 260. Suppose -t - 2*t = -r. Suppose -2*h + i = -67, h - 4*i - t = 26. What are the prime factors of h?
2
Suppose -2*x = 4*c - 124, -3*c - c = -2*x + 116. Let t = -51 + x. List the prime factors of t.
3
Let c = 0 + -3. Let x = c - -27. What are the prime factors of (8/x)/((-1)/(-141))?
47
Let v(l) = -2*l - 22. Let f be v(-11). List the prime factors of (-4 + 84)*(1 + f).
2, 5
Let j(t) = -t**2 - 5*t - 1. Let l be j(-3). Suppose 4*v + 1 = 5*d + 42, -v + 29 = -l*d. Suppose 3*z = v*r + 6*z - 55, 0 = -4*z + 4. List the prime factors of r.
13
Let z(k) = 9*k**3 - 17*k**2 + 15*k - 2. List the prime factors of z(6).
2, 5, 71
Suppose 0*l - 10044 = -3*l. List the prime factors of l.
2, 3, 31
Suppose -4*i - f + 1342 = i, i = -2*f + 272. What are the prime factors of i?
2, 67
Suppose 0 = -y + 59*y - 138504. List the prime factors of y.
2, 3, 199
Let s(m) = m**3 - m**2 - 508. Let f be s(0). What are the prime factors of f/(-18) + 36/(-162)?
2, 7
List the prime factors of (-17)/((-72)/(-15) - 5).
5, 17
Let l = 10 - 10. Suppose -g + 2 = -l*g. Suppose -3*a - 19 = -i, -i = 6*a - g*a + 16. List the prime factors of i.
2
Let q(r) = 55*r + 155. What are the prime factors of q(5)?
2, 5, 43
List the prime factors of (1 + -3 - -630)/((-6)/(-12)).
2, 157
List the prime factors of (29861/(-26))/(2/(-4)).
2297
Let j(d) = -9*d**3 + 14*d**2 + 37*d - 8. List the prime factors of j(-5).
2, 641
Let p be (1 + -1)/(-8 - -5). Suppose 4*h - 4*s - 124 - 28 = p, -5*s = 5*h - 150. What are the prime factors of h?
2, 17
Let l = 68 - 64. Suppose 286 = 3*i + z, l*i - 383 = -5*z + 2*z. List the prime factors of i.
5, 19
Suppose p + 0*p + 56 = 3*z, 0 = 2*z - 2*p - 32. List the prime factors of (76/(-8))/((-2)/z).
5, 19
Let j be (7/(21/36))/2. Suppose j*y + 3 - 21 = 0. Suppose y*g + 5*s - 42 = 2*g, s = 4. List the prime factors of g.
2, 11
Suppose 16*r - 2218 = 1974. What are the prime factors of r?
2, 131
Let c be 1 + (-3 - -9) + -3. Let z(a) = 2*a - 4*a + 1 + c*a. List the prime factors of z(8).
17
Suppose 0*r + 415 = 5*r. Suppose r = -f - 60. List the prime factors of f/(-3) - 11/(-33).
2, 3
Let z(o) = -o**3 - 12*o**2 + 11*o - 22. Let m be z(-13). Suppose q - 685 = -m*q. List the prime factors of q.
137
Suppose -6*v + 5*v = 3. What are the prime factors of 44 + (-3 - v) + 0?
2, 11
Let m(k) = 2*k + 2. Let d be m(0). Suppose -d*q = -95 - 61. List the prime factors of q.
2, 3, 13
Suppose 4*l - 6*l - 2*w + 2816 = 0, 4*w - 2816 = -2*l. List the prime factors of l.
2, 11
Let a = 16 + -6. Let g = 20 - a. What are the prime factors of ((-45)/g)/(1/(-6))?
3
Suppose m - 6*m + 335 = 0. Let v = m + -41. What are the prime factors of v?
2, 13
Suppose 2*x + 7*x = 27. Suppose 3*o - x*d + 0*d = 3, o = -4*d + 26. What are the prime factors of o?
2, 3
Let v = -14 + 17. Let x(h) = -10*h**3 + 9*h**2 + 12*h**3 - 13 - h**v - 6*h. List the prime factors of x(-9).
41
Let w = 20 + -19. Let s be 1/(w + 8/(-12)). Suppose -i + y = -19, s*i = -2*i + 3*y + 87. List the prime factors of i.
3, 5
Let r(i) = i + 206. What are the prime factors of r(-6)?
2, 5
Let i = 88 + -88. Suppose -17*m + 9*m + 504 = i. List the prime factors of m.
3, 7
Let w(g) = 2*g + 3. Let n(b) = -5*b - 10. Let c(i) = -4*n(i) - 11*w(i). Let u be (-174)/12 + (-1)/2. List the prime factors of c(u).
37
Suppose 91 = 5*h + 4*r, -10 = -3*r + 2. Let y = 15 - h. Suppose 0 = -y*b - 2*b - 5*w + 100, 4*b = 4*w + 172. What are the prime factors of b?
3, 5
Let s(n) = 17*n**2 - 182*n + 57. What are the prime factors of s(23)?
2, 19
Let j be (6/2 - -1)*20. Suppose 5*m + t + 218 = 0, t + 3*t - 31 = m. Let d = m + j. List the prime factors of d.
37
Let g = 6583 - 3596. What are the prime factors of g?
29, 103
Let n = -6 + 7. Let o be 2/(n + 1) - -2. Suppose o*d + 45 = 4*s, -12 = 4*d - 0*d. List the prime factors of s.
3
Suppose -108*d = -112*d + 4072. List the prime factors of d.
2, 509
Let y(b) = -2*b - 2. Let a(p) = -p - 1. Let j(n) = 11*a(n) - 6*y(n). List the prime factors of j(2).
3
Let x(t) = t**2 - 5*t + 3. Let r be x(6). Let j(g) = 4*g + 5 - g**3 + 2 + 8*g**2 + r*g - 14. What are the prime factors of j(9)?
29
Let d(a) be the second derivative of 4*a**3/3 - 15*a**2/2 - 8*a. List the prime factors of d(7).
41
Suppose -3*r = 15, d - 2*r - 480 = -3*r. List the prime factors of d.
5, 97
Suppose -15*w - 33 = -18*w. Suppose w*b - 1374 - 859 = 0. What are the prime factors of b?
7, 29
Suppose 0 = -5*x - 29 + 259. Let d = x + -77. Let s = -17 - d. List the prime factors of s.
2, 7
Let c(w) = -12*w + 24. Let j(l) = 3*l + 33. Let q be j(-14). List the prime factors of c(q).
2, 3, 11
Let x(l) = -l**3 - 2*l**2 + 6*l + 1. Let j be x(-4). Suppose -g - 13 = -j. Let v = 23 + g. List the prime factors of v.
19
Suppose -63*d + 60*d = -63. Let l be (0 + 3)/((-3)/(-2)). Let x = d - l. What are the prime factors of x?
19
Let l(k) = 3*k - 22. Let a(u) = -7*u + 45. Let r(d) = -2*a(d) - 5*l(d). What are the prime factors of r(6)?
2, 7
Suppose 2*g - 33 + 3 = -3*q, 0 = -2*q + 4*g + 36. What are the prime factors of q?
2, 3
What are the prime factors of 11 + (15/5 - -2102)?
2, 23
Let v(w) = 8*w**3 + 3*w**2 - 3*w - 11. What are the prime factors of v(4)?
3, 179
What are the prime factors of (-3 + ((-1430)/(-3))/(-2))*-3?
2, 181
Let n(f) = -f**2 + 2*f + 3. Let v be n(3). Let x be (-9 - v)/(0 - -1). List the prime factors of (-210)/x*3/2.
5, 7
Let q(d) = d**2 + d + 1. Let v(m) = -7*m**2 - m - 8. Let t(l) = 6*q(l) + v(l). Suppose -x - 4*r = 4, 3*r + 14 = 4*x + 4*r. What are the prime factors of t(x)?
2
Let d = -20 - -32. Let i(j) = -j**2 + 13*j - 9. Let s be i(d). Suppose 101 = 2*g + 5*a + 8, 4*g - s*a = 199. What are the prime factors of g?
7
Suppose 0 = -6*i - 2*i + 48. List the prime factors of ((-841)/58)/((-1)/i).
3, 29
List the prime factors of (-1 - 0)/((-160)/433760).
2711
Let x(m) = 4*m**2 + 24*m - 4. List the prime factors of x(18).
2, 431
Let t(o) = -o**3 - 4*o**2 + 2. Let b be t(-4). Suppose 4*c = -b*v + 202, 0 = -2*c - c + 4*v + 124. List the prime factors of c.
2, 3
Suppose -66*r - 229313 = -107*r. What are the prime factors of r?
7, 17, 47
Let u(o) = o + 15. Let y be u(-10). Suppose 4 + 1 = y*f. Suppose -s = -f - 10. What are the prime factors of s?
11
List the prime factors of (70/28)/(5/2504).
2, 313
Let s be 3636/54 + 8/(-6). Let o = 101 - s. What are the prime factors of o?
5, 7
Let h(z) = z**2 - 13*z - 2. Let b be h(12). List the prime factors of 147/6 - (-21)/b.
23
Let l be (3/(-6))/(7/(-406)). Suppose -p = -34 - l. What are the prime factors of p?
3, 7
Suppose 2*o = -2*w - 12, 4*w + 5 = -o - 10. Let g(m) = 4*m**2 - m + 5. What are the prime factors of g(w)?
2, 11
Let n(r) = -r**3 + 8*r**2 - 8*r + 4. Let a be n(7). Let s(d) = -23*d + 1. List the prime factors of s(a).
2, 5, 7
Suppose y - 9 - 6 = 0. Suppose -5*r + 73 + 37 = n, 0 = 3*n + y. What are the prime factors of r?
23
Let a = -17 - -35. Let x be 2712/a - 4/6. Suppose 27*u + x = 30*u. List the prime factors of u.
2, 5
Suppose -117 = -4*b - 3*t, t - 72 - 55 = -4*b. List the prime factors of (-5385)/(-33) - 6/b - 4.
3, 53
Suppose 0 = -148*q + 161*q - 12909. What are the prime factors of q?
3, 331
Let v = -1 - -5. Suppose v*c - 5 = 87. Suppose q = -3*m + 112, -2*m + 2*q + 65 + c = 0. List the prime factors of m.
3, 13
Suppose -16*i + 17360 + 9152 = 0. What are the prime factors of i?
1657
Suppose -3*m - 2*b = -2902 - 126, 3014 = 3*m - 5*b. List the prime factors of m.
2, 3, 7
Let q be -1 + 2 + -2 + 4. Suppose q*y + 12 = y. List the prime factors of (-1015)/(-30) - 1/y.
2, 17
Let d(w) = -w**3 - 5*w**2 + 4*w - 2. Suppose -4*q = -5*k + 8, 5 - 2 = q. Let i be -3 - (k + (-2 - -1)). What are the prime factors of d(i)?
2